mber?
True
Let c be 0*((-1)/4)/(14/(-28)). Suppose 5*o - 2908 - 2947 = c. Is o a composite number?
False
Let m(y) be the third derivative of 83*y**6/120 - y**5/60 - y**4/6 + y**3/2 - 11*y**2. Is m(2) a prime number?
False
Let c = 127 + -87. Let d = 107 - c. Is d a prime number?
True
Suppose 8*p - 183381 = 25267. Is p a composite number?
True
Suppose -7*g = -2*g - 175. Let w = -13 + g. Is w prime?
False
Let n = 50 + 11. Suppose -4*u - 139 = -j, -n = 2*u + 4*j + 31. Let r = 193 + u. Is r a composite number?
False
Let u = 1465 - 1286. Is u a composite number?
False
Let v be (202/2 - 4)*5. Suppose 9*u - 4*u = v. Is u a composite number?
False
Let j = -5 + 15. Suppose 0 = -5*s - j. Is (-128 + 0)*s + 1 a prime number?
True
Let w(i) = -i**3 + 7*i**2 - 5*i + 2. Let b be w(6). Suppose 0*l - 14 = 4*l + h, -4*l + 2*h - b = 0. Is -4*-8*11 - l prime?
False
Let o(w) be the first derivative of -33*w**2 - 10 - 11*w - 6 + 0 + 4. Is o(-5) composite?
True
Let q(w) = w**2 - 26*w + 232. Is q(59) a prime number?
True
Let u(r) = 27*r**3 + 6*r**2 + 3. Suppose 11 + 1 = -3*q. Let m(a) = -a**2 + a. Let t(d) = q*m(d) - u(d). Is t(-2) prime?
False
Let s(r) = 9*r**2 - 16*r + 51. Is s(8) composite?
False
Let g be (-87)/(-27) - 6/27. Suppose g*k + k + 12 = 2*r, 5*k = -3*r - 4. Is (-9845)/(-66) + r/(-12) prime?
True
Let b = -10963 - -17562. Is b a composite number?
False
Let x(i) = 3*i - 34. Let t be x(13). Suppose 6516 = t*l + 1981. Is l prime?
True
Suppose 12394 = 18*c - 39536. Is c a prime number?
False
Is (-254 - 0)*(-6 - (-225)/(-18)) prime?
False
Let h = 2 - -7. Let c be (-52)/1*(-10 + h). Suppose -3*d = 4*k - 38, -5*d = -0*k + k - c. Is d composite?
True
Let w(d) = 2*d**2 + 9*d - 4. Let k be w(-5). Is 677/k + -8*(-4)/16 a composite number?
True
Let g = 12352 - 7971. Is g a composite number?
True
Suppose -i - 45 = 5*n - 6*i, 3*i + 43 = -4*n. Suppose -2*q - 5 + 1 = 0. Is q/(-4) + n/(-4) a composite number?
False
Suppose -3*p + 53286 = d, -5*d - 3*p = p - 266419. Is d a prime number?
False
Let i(s) = 13*s - 6. Let n(r) = -r + 1. Let m be n(-5). Let q be i(m). Let y = q - -10. Is y prime?
False
Let n = 20719 + -8490. Is n composite?
True
Suppose -51*v = -52*v + 1313. Is v a composite number?
True
Let r(x) = -5*x**3 - 4*x**2 + 20*x + 22. Let a be r(-9). Suppose 3*p = 5*y + 1883, 5*p + 6*y - a = 2*y. Is p a prime number?
True
Let m be 2 + 4 - 6/(-3)*1. Let t(o) be the first derivative of 15*o**2/2 - 2*o + 2. Is t(m) composite?
True
Suppose -a = 2*a + 3. Let z be a*(-2 + -2) - 4. Suppose 5*o - 4*p - 2789 = 0, z*p + 1112 = 2*o + 2*p. Is o a prime number?
True
Let k(c) = c**2 + 10*c + 3. Let a be k(-10). Suppose -z - 5*q = 2*z - 7291, a*q = -12. Is z prime?
True
Suppose 0 = 26*w - 29*w + 111261. Is w prime?
True
Suppose 3*x = 8 + 4. Suppose -3*c = -2*c - 1, -3*c = -x*h + 9. Suppose h*b - 130 = 296. Is b composite?
True
Let l(t) = -t**3 - 23*t**2 + t + 23. Let f be l(-23). Suppose -i + 7*d = 2*d - 32, i + 5*d - 42 = f. Is i composite?
False
Let a = 29782 - 12405. Is a a prime number?
True
Let i = -168 + 170. Suppose v - 305 = -49. Suppose i*s + 3*u = 7*s - 1286, s = u + v. Is s prime?
False
Suppose 5 = 3*l + t - 61, 0 = l - 2*t - 29. Let j = l + -21. Suppose p = -j*r + 38 + 29, r - 20 = -5*p. Is r a composite number?
True
Suppose 2*t + 19*t = 156513. Is t composite?
True
Suppose 52*d - 244319 = 11*d. Is d a prime number?
False
Is (19 + -20)*(0 + -15947) prime?
False
Let q be -4 - -2 - 201/(-3). Let k = q - 27. Is k prime?
False
Let y be 0/(2*-1) - (-8 - -6). Is (0 + 1*33)*y/3 a prime number?
False
Let x(r) = -9*r**3 + 9*r**2 - 13*r - 33. Let b(w) = -5*w**3 + 4*w**2 - 7*w - 17. Let p(t) = 11*b(t) - 6*x(t). Is p(-11) a composite number?
True
Let a = 9 + -12. Let y be a + 1/((-3)/195). Let o = 126 + y. Is o a prime number?
False
Is (-5 - (-2 - 6)) + 4088 composite?
False
Suppose -3*n + 4688 = -2*f + n, -3*n - 9354 = 4*f. Let s be 4/(-14) - f/7. Suppose -3*w - s = -5*w. Is w prime?
True
Let y be 52/10 + 3*1/(-15). Suppose 0 = y*s - 1119 + 64. Is s prime?
True
Let s be 2/(-5)*-2*10. Suppose 4 = -2*q + 2*k, -2*q - s = -q + 2*k. Let d(f) = -7*f**3 - f**2 + f - 9. Is d(q) a prime number?
True
Let q(a) = 63*a - 2. Let c = 22 - 19. Is q(c) a prime number?
False
Let j(p) = 19*p**2 - 3*p - 39. Let w be -1*(3 - 13) + -1*3. Is j(w) a prime number?
False
Let p be ((-3)/(-4))/(((-30)/8)/(-15)). Suppose -p*u = -2*t + 2245, 2*u - 5*u = -5*t + 5590. Is t a prime number?
False
Is (-2 - 3 - (19 - 18)) + 9343 a prime number?
True
Is 2/4*-1 + (-54668)/(-8) a prime number?
True
Let n = 3 + -30. Let j = n + 30. Suppose -3*x = -15, 0 = j*p - 0*x + x - 386. Is p prime?
True
Suppose 16 = 3*u + 2*g - 3*g, -3*u + 12 = -3*g. Suppose -10*q = -5*d - u*q + 4001, 4*q = -16. Is d a prime number?
True
Let z(m) = m**2 + 12*m + 6. Let b be z(-12). Suppose -c + 2*f = -99, 3*c - b*c - 3*f + 306 = 0. Let w = c + 26. Is w prime?
True
Let c be 2 - (3/9)/(1/(-9)). Suppose -c*m + 2*m + 1038 = 0. Is m prime?
False
Let v be 0*(3*1 - 10/3). Suppose v = -5*h + 2855 - 410. Is h composite?
True
Is (3/(((-9)/(-150))/1))/2 prime?
False
Suppose 10*o = -3*o + 23621. Is o prime?
False
Let r(j) = -1636*j + 5. Is r(-2) composite?
True
Suppose 3*y - 32 = -5*y. Suppose -2*w - w = y*i - 18, 5 = 3*i - 2*w. Suppose 0 = i*b - 0*b - q - 221, 3*q + 293 = 4*b. Is b prime?
False
Suppose -9*v + 284 = -5*v. Suppose v - 20 = r. Is r a composite number?
True
Suppose 0 = -5*h - f - 3, -2*h + 5*f + 15 = -5*h. Suppose h*k + 3 = k. Suppose k*z - 5*a = 260 - 27, -5*a - 20 = 0. Is z a prime number?
True
Suppose 4*h = 2*h. Suppose -5*w + 3*v + 31 = h, 0*w + 3*w - 33 = -3*v. Let q = w + 57. Is q prime?
False
Let m(k) = 41*k**2 + 14*k - 39. Is m(10) composite?
False
Let d = 280922 - 162327. Is d a prime number?
False
Let i = -3131 - -5690. Is 5/(15/i)*1 a composite number?
False
Let u(b) = 24*b**2 + 20*b + 5. Is u(-8) prime?
True
Let l(c) = 8*c - 28. Let t be l(4). Let n(s) = s**2 - 2*s + 1. Let b be n(1). Suppose b*u + 572 = t*u. Is u prime?
False
Suppose 5*b = b. Suppose -3*i = 2*k + 1183, b = 2*k - 3*i - 88 + 1241. Is (-4)/2 - (k + 1) prime?
False
Suppose -2*d = -10, 2*d = 2*y - 3*y + 66. Let r = y + -82. Let j = r - -49. Is j prime?
True
Let x(l) = 9*l**2 - l. Let n be x(3). Suppose -336 = -6*p + n. Is p a prime number?
False
Suppose -4*u - 54662 = -2*a, 5*u + 81989 = 3*a - 0*u. Is a composite?
True
Suppose 28 = -3*h + 2*b, -5*b + 51 - 9 = -4*h. Suppose -6*q + 5*q + 6 = 2*p, 0 = -5*q - 3*p + 16. Is h/4*(-191)/q composite?
False
Is (-2 - 1)*(365968/(-3))/16 prime?
False
Let a(g) = -g**2 + 19*g + 2. Suppose 4*u + y = -4*y + 30, -3*u + 36 = -3*y. Let h be a(u). Let w = 154 - h. Is w a composite number?
True
Let l = 24 - 11. Suppose -2*k + j + 7 = 0, -5*j - l = 2*k - 2. Is (k + -144)/(-2) - 4 prime?
True
Let b(k) = -2*k + 19 + 0*k - 18. Let g be b(-2). Suppose g*c = 568 + 87. Is c composite?
False
Suppose -2*g - 4*t - 3520 = -6*g, -4*t = 4*g - 3480. Let b be ((-10)/(-5))/(-2) + 1697. Let p = b - g. Is p a composite number?
False
Suppose -5*j + 2*r = -0*r - 8638, -1730 = -j + r. Suppose 3*i - j = i. Is i a composite number?
False
Let m = 59 - 56. Is (-17)/(-34) + m/((-12)/(-7762)) composite?
True
Let d be (-4)/(-30) + 15364/(-30). Let y = d + 1001. Suppose 2*i - y = -i. Is i composite?
False
Let p = 34179 + -20428. Is p a composite number?
False
Suppose 5*u + 486 = 4*s - 3187, u + 3*s = -746. Let i = u + 1068. Is i a prime number?
True
Suppose -141*i + 153*i - 134844 = 0. Is i prime?
False
Let b(n) = n - 4. Let a be b(-9). Is (-2246)/(-4)*(a - -15) composite?
False
Let w = -63 + 1774. Is w a prime number?
False
Let j(u) = 14*u**2 + 2*u + 5. Let c(m) = -2*m - 3. Let z be c(-3). Suppose 0 = -z*d - 8 - 13. Is j(d) a composite number?
False
Let z = -19568 + 61409. Suppose 7100 = -7*a + z. Is a prime?
False
Let j(t) = t**3 + t**2 + 9*t - 28. Is j(5) a composite number?
False
Let n be (2 - (-60)/(-33)) + (-4225)/(-55). Let q = n + 302. Is q a composite number?
False
Let a(m) = -38*m - 36. Let d = -11 + 18. Let h(o) = 13*o + 12. Let n(c) = d*h(c) + 2*a(c). Is n(5) prime?
False
Let b be ((-254)/(-6))/((-321)/81 - -4). Let h = 3098 + b. Is h composite?
False
Let z(u) = -u**3 - 5*u**2 + 5*u - 1. Let a be z(-6). Suppose 5*m - a*w + 2*w = 745, -149 = -m + 5*w. Is m c